 prime?
True
Is 412613 a prime number?
False
Is 11411 a composite number?
False
Is 23549 a prime number?
True
Is 35023 a composite number?
False
Is 1060549 composite?
True
Is 72587 a composite number?
True
Is 818611 a prime number?
False
Is 44245 a prime number?
False
Is 33311 a prime number?
True
Is 59333 a prime number?
True
Is 90382 prime?
False
Is 31163 composite?
True
Is 30161 a composite number?
False
Is 1131479 a composite number?
False
Is 117701 prime?
True
Is 37203 composite?
True
Is 28471 a composite number?
True
Is 2503121 a prime number?
True
Is 693721 a prime number?
False
Is 2459 a composite number?
False
Is 638711 prime?
False
Is 18958 a prime number?
False
Is 18119 composite?
False
Is 16637 a composite number?
True
Is 5611 a composite number?
True
Is 2157 a prime number?
False
Is 1871 prime?
True
Is 6029 composite?
False
Is 6761 prime?
True
Is 38939 a prime number?
False
Is 117083 a prime number?
False
Is 221887 composite?
True
Is 982 a prime number?
False
Is 8707 prime?
True
Is 349651 prime?
False
Is 5251 a prime number?
False
Is 3203 composite?
False
Is 3683 prime?
False
Is 46471 a composite number?
False
Is 20249 a composite number?
False
Is 10361 composite?
True
Is 3610883 a prime number?
True
Is 122063 prime?
False
Is 18203 a prime number?
False
Is 189197 a composite number?
True
Is 120439 prime?
False
Is 64217 prime?
True
Is 25439 prime?
True
Is 62801 a composite number?
False
Is 284387 composite?
False
Is 67699 a prime number?
True
Is 15493 a prime number?
True
Is 115454 a prime number?
False
Is 9307 composite?
True
Is 25103 a prime number?
False
Is 816407 composite?
True
Is 38039 composite?
False
Is 655777 a composite number?
True
Is 249127 composite?
False
Is 10023511 prime?
True
Is 8410607 composite?
False
Is 499115 composite?
True
Is 327329 composite?
True
Is 5879 a composite number?
False
Is 65543 a composite number?
False
Is 313207 composite?
False
Is 112241 composite?
False
Is 22739 composite?
False
Is 279322 a prime number?
False
Is 829601 prime?
True
Is 293005 prime?
False
Is 58099 a composite number?
False
Is 22478 composite?
True
Is 269089 a prime number?
True
Is 864883 a composite number?
False
Is 141529 a composite number?
False
Is 57745 a composite number?
True
Is 122563 a composite number?
True
Is 124717 a composite number?
False
Is 24659 a composite number?
False
Is 114721 a prime number?
False
Is 1073 a prime number?
False
Is 3011 a composite number?
False
Is 5403247 a composite number?
False
Is 117121 a prime number?
False
Is 9193 prime?
False
Is 13319 composite?
True
Is 623699 composite?
False
Is 13121 composite?
False
Is 58541 a prime number?
False
Is 33481 a prime number?
False
Is 935777 prime?
True
Is 1043 prime?
False
Is 242147 a prime number?
True
Is 106154 a composite number?
True
Is 3071 composite?
True
Is 141595 a composite number?
True
Is 55271 composite?
True
Is 23339 prime?
True
Is 3036707 a composite number?
True
Is 1301903 prime?
True
Is 48629 a prime number?
False
Is 7103 composite?
False
Is 6983 composite?
False
Is 162209 prime?
True
Is 891453 a prime number?
False
Is 2334081 prime?
False
Is 22853 composite?
False
Is 982 prime?
False
Is 122267 a prime number?
True
Is 102047 a prime number?
False
Is 1281521 composite?
False
Is 3409 a prime number?
False
Is 244327 a prime number?
False
Is 15959 a composite number?
False
Is 3587 prime?
False
Is 41386 a prime number?
False
Is 977671 composite?
False
Is 1270699 composite?
True
Is 5333 composite?
False
Is 44015 prime?
False
Is 169103 a composite number?
True
Is 1137611 prime?
True
Is 3197449 prime?
True
Is 37951 prime?
True
Is 1121537 composite?
True
Is 13309 prime?
True
Is 7737 a prime number?
False
Is 1392679 a composite number?
False
Is 4191521 prime?
True
Is 30947 a composite number?
True
Is 5711 a prime number?
True
Is 12781 a composite number?
False
Is 75343 a composite number?
True
Is 20821 a prime number?
False
Is 10039 composite?
False
Is 277031 prime?
False
Is 19913 composite?
False
Is 3389 a composite number?
False
Is 14611 a prime number?
False
Is 321851 a composite number?
False
Is 560933 a composite number?
True
Is 1725811 prime?
True
Is 1243871 composite?
True
Is 251435 a prime number?
False
Is 12047 a composite number?
True
Is 7145 prime?
False
Is 603311 a prime number?
True
Is 33457 a composite number?
False
Is 335107 composite?
False
Is 803239 a prime number?
False
Is 1086119 composite?
False
Is 24478 a composite number?
True
Is 141 a prime number?
False
Is 19322 a prime number?
False
Is 1739 prime?
False
Is 1343 prime?
False
Is 16349 composite?
False
Is 282853 a prime number?
False
Is 521 a composite number?
False
Is 2707 composite?
False
Is 11243 a prime number?
True
Is 35381 composite?
False
Is 51549 a prime number?
False
Is 71317 a prime number?
True
Is 24733 a composite number?
False
Is 14891 composite?
False
Is 7283 a prime number?
True
Is 6257 prime?
True
Is 3457 prime?
True
Is 132917 a prime number?
False
Is 641579 composite?
False
Is 587 prime?
True
Is 115037 composite?
True
Is 8981 prime?
False
Is 2785 a prime number?
False
Is 91 composite?
True
Is 1197059 composite?
False
Is 2137351 composite?
False
Is 273719 composite?
False
Is 264181 composite?
True
Is 1901 prime?
True
Is 213401 a prime number?
False
Is 493 composite?
True
Is 2153 prime?
True
Is 9389 prime?
False
Is 1399 a prime number?
True
Is 16349 composite?
False
Is 9977 a prime number?
False
Is 889 composite?
True
Is 1973 a prime number?
True
Is 106223 a composite number?
True
Is 15121 a composite number?
False
Is 32159 prime?
True
Is 2513081 a composite number?
True
Is 1246697 a prime number?
True
Is 18647 a prime number?
False
Is 2879009 prime?
False
Is 117701 a composite number?
False
Is 54913 composite?
True
Is 176197 prime?
False
Is 22811 composite?
False
Is 64969 composite?
False
Is 242881 prime?
False
Is 1591 composite?
True
Is 439631 a prime number?
True
Is 4547 prime?
True
Is 22519 a composite number?
True
Is 16138 composite?
True
Is 2897 a prime number?
True
Is 35023 a prime number?
True
Is 367469 a composite number?
False
Is 129205 a prime number?
False
Is 64193 composite?
True
Is 242243 composite?
False
Is 107563 a prime number?
True
Is 108707 a composite number?
False
Is 703739 composite?
True
Is 62417 a composite number?
False
Is 38945 composite?
True
Is 387789 a composite number?
True
Is 11303 a prime number?
False
Is 763123 a composite number?
False
Is 578509 a prime number?
True
Is 37211 a prime number?
False
Is 1356155 composite?
True
Is 278533 a composite number?
True
Is 207349 a prime number?
False
Is 28349 a composite number?
False
Is 26393 composite?
False
Is 15877 a composite number?
False
Is 2629 composite?
True
Is 1231359 a prime number?
False
Is 43037 composite?
False
Is 538739 a composite number?
False
Is 44557 composite?
True
Is 97 a prime number?
True
Is 396871 prime?
True
Is 27179 composite?
False
Is 3607 a prime number?
True
Is 7411 composite?
False
Is 2203 prime?
True
Is 319621 composite?
True
Is 1439513 prime?
True
Is 4649885 composite?
True
Is 11299 prime?
True
Is 24139 a composite number?
True
Is 10961 prime?
False
Is 107971 a prime number?
True
Is 12227 composite?
False
Is 6731 a prime number?
False
Is 52249 a prime number?
True
Is 393019 composite?
True
Is 11197 composite?
False
Is 18091 a prime number?
False
Is 6457 prime?
False
Is 6121 prime?
True
Is 24499 prime?
True
Is 1055 a prime number?
False
Is 3659 a composite number?
False
Is 2977 composite?
True
Is 28019 prime?
True
Is 3074347 composite?
False
Is 123811 composite?
True
Is 409 composite?
False
Is 22501 composite?
False
Is 87521 a composite number?
True
Is 21713 prime?
True
Is 846319 prime?
False
Is 613883 composite?
False
Is 2917 a prime number?
True
Is 2502047 a composite number?
False
Is 32173 a prime number?
True
Is 402658 composite?
True
Is 36029 composite?
True
Is 22313 prime?
False
Is 32849 prime?
False
Is 104147 a composite number?
False
Is 1357969 a prime number?
True
Is 45427 composite?
False
Is 35345 prime?
False
Is 8467 a prime number?
True
Is 73379 prime?
True
Is 96133 a prime number?
False
Is 3181 composite?
False
Is 5141 composite?
True
Is 8571 a prime number?
False
Is 257707 prime?
True
Is 490643 composite?
False
Is 2060747 a composite number